)?
3
Let c(u) = 25*u**2 + 3*u - 2. Let n be c(2). Let k = n - -69. What is the units digit of k?
3
Suppose 40 = 5*x + 5*z, -2*x + 5*z - 5 + 0 = 0. Suppose -x*l = -4*k - 349, -5*k = 4*l - 2*l - 166. What is the tens digit of l?
7
Suppose 7*l = 18*l - 4532. What is the hundreds digit of l?
4
Let n(q) = 11*q**2 + 9*q. What is the tens digit of n(-5)?
3
Suppose -12*r - 236 = -8*r. Let g = r + 95. What is the units digit of g?
6
Let i(y) = 4*y - 1. Let j be i(-2). Let m(z) be the first derivative of -z**3/3 - 5*z**2 + 11*z - 28. What is the tens digit of m(j)?
2
Let g(r) = r + 7. Let p be g(-7). Suppose -3*q - n = -p*q, q + 7 = 2*n. Let i = q - -5. What is the units digit of i?
4
Let l be ((-57)/(-5))/((-10)/(-150)). Suppose 0 = -2*j + 3*j - l. What is the hundreds digit of j?
1
What is the units digit of ((-31800)/(-70))/(6/21)?
0
Let x be (-19)/(-19)*(-1)/(-1 - 0). Let n = x - -79. What is the units digit of n?
0
Suppose -5*b + 787 = 2*w, -3*b + 793 = 2*w - 0*b. What is the tens digit of w?
0
Let c(s) = -35*s - 43. Suppose 5*q - 35 = 2*b, 6 = b + 4*q - 9. What is the units digit of c(b)?
2
Let m = 190 + -100. What is the tens digit of m?
9
Let v = 983 + -479. What is the units digit of v?
4
Suppose -4*x = 2*f - 2036, 8*x + 10*f - 4072 = 7*f. What is the tens digit of x?
0
What is the hundreds digit of (-2 + 92)*(-30)/(-4)?
6
Suppose -z = z + 4, 5*z = p - 14. What is the units digit of (-86)/p*(1 + (-5 - -2))?
3
Suppose -6*a = -25*a + 22553. What is the tens digit of a?
8
Let h(s) = -2*s + 11. Let q be h(7). Let f = q + 10. Let u(m) = 4*m - 3. What is the tens digit of u(f)?
2
Let k(f) = 13*f - 7. Let v = 95 - 93. What is the units digit of k(v)?
9
Let c be 208/40 + (-1)/5. Let t = c - -49. What is the tens digit of t?
5
Let u = -24 - -29. Suppose 4*v - 215 = -3*f, 0*v + 285 = 4*f + u*v. What is the tens digit of f?
6
Suppose -60*o + 61*o + 995 = 0. What is the tens digit of o*(-4)/40*2?
9
Suppose 81*l = 69*l + 1008. Suppose -3*v = -4*s + 88, 5*v + 0*v = 5*s - 155. Let y = l + v. What is the units digit of y?
8
Suppose 5*q - 8 = 7. Suppose 4*t + q = 27. Suppose 4*u = t*h - 2*h + 28, 2*u - 3*h = 12. What is the units digit of u?
9
Let k(z) = 4 - 4*z - 6*z - 9 - 10. Let o be k(-13). Suppose -2*r = 3*r - o. What is the units digit of r?
3
What is the tens digit of -229*(2/(-2) + -3)?
1
Suppose h - 5*f = 7, -2*h - 7*f + 3*f = 0. Suppose 16 = h*v - 16. What is the units digit of v?
6
Suppose 0 = -4*t - x - x + 8, -5*t + 4 = x. Suppose z - 4*m - 20 = t, -2*z + 2*m + 20 = z. What is the units digit of z?
4
Let j = 1 + 1. Suppose -5*q = y + 12, j*y - 9 = 3*y + 4*q. What is the tens digit of (4 - y)*(58 - -1)?
5
Let s be 3 - (-3 + 1 - -3). Suppose -s*g = -3*r - 63 + 252, -3 = g. What is the units digit of r?
1
Suppose 8 = 4*z - 3*h, -6*z + 2*z + 24 = h. Suppose z*f = -2*q - q + 144, -5*q + 5*f + 200 = 0. What is the units digit of q?
3
Let n be -4*1 + 5 + -3. Let p be -2 + -1 + 28 - n. Suppose -2*t + p = t. What is the units digit of t?
9
Suppose 0*v = -3*v + m + 1179, -3*m - 793 = -2*v. What is the tens digit of v?
9
Let a be (-2 + 1)*(-7 + 7)/(-5). Suppose 2*y + 156 - 406 = a. What is the hundreds digit of y?
1
Let u = -22 - -38. What is the units digit of (u/(-20))/(2/(-5))?
2
Suppose -4*i - 2*x + 0*x = -144, 0 = -4*i + 2*x + 144. Let p = i - 21. What is the tens digit of p?
1
Suppose 3*z = 12, 14*a + 27210 = 19*a - 5*z. What is the thousands digit of a?
5
Let i(b) = -1056*b + 51. What is the units digit of i(-3)?
9
Suppose -2*x = -l + 623, 0*l - 4*x = -3*l + 1875. Let s be -7 + 3 - -7 - l. What is the units digit of (-10)/(-35) - s/14?
5
Let x = -65 + 359. What is the hundreds digit of x?
2
Suppose -363 = -25*l + 1362. What is the tens digit of l?
6
Let l be 14/(-49) - 248/14. Let g = l - -22. Suppose -g*b + 53 = -131. What is the tens digit of b?
4
Let c(l) be the first derivative of 3*l**2/2 + 6. Let f be 9/2*(-12)/(-18). What is the units digit of c(f)?
9
Suppose 4*f - 5*n + 17 = 0, f - 3*f - 2*n = -14. Suppose -f*i - 26 = -w, -4*w - i + 2*i = -139. What is the units digit of w?
6
Let w(t) = 7*t**2 - 27*t + 55. Let k(z) = -20*z**2 + 80*z - 165. Let s(o) = 6*k(o) + 17*w(o). What is the units digit of s(11)?
5
Let r = 395 + -263. Suppose 3*b + 0*b + r = 0. Let l = b - -65. What is the tens digit of l?
2
Let o = -1287 - -2560. What is the hundreds digit of o?
2
Suppose 0 = -2*z - k - 9, 3*z = -2*k + 3*k - 1. What is the units digit of z + 4 + 85 + -2?
5
Suppose 21 = 4*r + 5. Suppose r*d + 16 - 44 = 0. What is the units digit of 122/4*(d + -5)?
1
Let f(y) = y**2 - 1. Let a(d) = 74*d**2 + d + 4. Let i(z) = a(z) + 4*f(z). What is the units digit of i(-1)?
7
Let f(r) = 288*r**2 + 26*r + 51. What is the units digit of f(-2)?
1
Let s be ((-1)/3)/(1/(-18)) - 2. What is the units digit of (-67)/(-1) + (-2)/(s + -3)?
5
Let i = 10 - 7. Let y be (-6)/(-15)*(i + -78). What is the units digit of (28/(-35))/(4/y)?
6
Suppose -3*j + 3*i + 273 = 0, -5*j - 2*i + 287 = -140. Suppose v - 131 = -6*n + 3*n, -2*n - v + j = 0. What is the units digit of n?
4
Suppose 0 = 5*f + 15, 3 = -0*r - 3*r + 4*f. Let q(k) = k**3 + 6*k**2 - 3*k - 2. What is the units digit of q(r)?
8
Let u = 4 + -6. Let x be u/(-3) - (-2)/(-3). Suppose 5*t = 5*w - 105, 7*w - 5*w + 5*t - 21 = x. What is the tens digit of w?
1
Let t = 176 - 92. Suppose -6 - t = -x. What is the tens digit of x?
9
Suppose z + 928 = n, -3*z + 3728 = 4*n + z. What is the units digit of n?
0
What is the thousands digit of (-1806 - -1)*(4 - (17 - 12))?
1
Let g be (-8 - 2)/(-3 + 1). Let h(m) = g*m - 12 - 5*m - 3*m. What is the units digit of h(-9)?
5
Suppose -4*v - 5*d - 80 = 2, 2*v = 3*d - 30. Let o(y) = -y**2 - 25*y - 41. What is the tens digit of o(v)?
8
Let y = -872 - -1366. What is the units digit of y?
4
Suppose 0 = 5*n + 8*n + 533. Let u = n - -163. What is the units digit of u?
2
Let f(u) = 4*u - 16. Suppose 0 = -0*p + 3*p - 18. Let b(r) = 7*r - 32. Let g(k) = p*b(k) - 11*f(k). What is the units digit of g(-13)?
0
Let h(f) = 256*f + 61. What is the thousands digit of h(9)?
2
What is the hundreds digit of (126/231)/(6/44913)?
0
Let g(f) = -2*f**2 + 21*f**2 + 3*f + 21*f**2. What is the units digit of g(2)?
6
Let n(o) = -256*o - 261. What is the thousands digit of n(-7)?
1
Let m(u) = u**3 - 2*u**2 - 6*u + 5. Suppose -2 + 6 = b. Let l be m(b). Let r = 17 - l. What is the units digit of r?
4
What is the tens digit of 1/9 + 240640/423?
6
Let z = 6 + -9. Let c(f) = -6*f**3 - 2*f**2 + 3*f - 3. What is the tens digit of c(z)?
3
Let d(o) = 259*o + 161. What is the units digit of d(3)?
8
Let r = -15 - -17. Suppose 0*h - 2*a - 6 = h, 5*h = -2*a + r. Suppose -4*o + 11 = f, h*f = 5*o + 8 + 1. What is the units digit of f?
7
Let h(g) = -g**2 - 13*g + 12. Let k be ((-210)/45)/(2/6). Let d be h(k). Let r = 14 + d. What is the units digit of r?
2
Let v(a) be the first derivative of 5*a**3/3 - a**2/2 - 7*a - 24. What is the units digit of v(-5)?
3
Let x = -2837 + 5301. What is the hundreds digit of x?
4
What is the tens digit of 4/((-40)/62)*-5?
3
Suppose 2 = 2*l + 6. Let c be 6/(-2)*(1 + l). What is the tens digit of 2/(-6) - (-67)/c?
2
Let j be 12/(-9) + 1/(6/(-40)). What is the tens digit of 3306/24 - -6 - 2/j?
4
Suppose 5*p - 10 = -q, -5*p - q + 10 = -3*q. Suppose 3*b + 9 = o, p*b = -2*o - 3*o + 62. Suppose 3*v - 42 = o. What is the units digit of v?
8
Let q(a) = -a**2 - a - 1. Let z be 1 - 2 - (6 - 7). Let i be q(z). What is the units digit of (i/(-2))/(2/100)?
5
Let m = 13 - 8. Suppose 0 = -5*v + m*o - o - 26, -4*o + 22 = -3*v. Let p = 2 - v. What is the units digit of p?
4
Suppose 4*v = 20, -2*v - 1030 = -3*z - z. Suppose q = -3*l + 156, z = 5*l - 4*q - 0*q. What is the units digit of l?
2
Suppose 6558 = 33*d - 8424. What is the units digit of d?
4
Let i = -73 - -57. Let w(s) = -s**3 - 16*s**2 - 2*s + 29. What is the tens digit of w(i)?
6
Suppose 2*p - 5*h - 728 = -h, 3*p - h = 1092. What is the units digit of p?
4
Let j(b) = 188*b**2 + 25*b - 69. What is the units digit of j(3)?
8
Let t be (-3)/1 - (10 + -3). Let z = -8 - t. Let h = 9 + z. What is the tens digit of h?
1
Let t = 345 + -192. Suppose 2*o = -2*f + f + t, -4*o = f - 303. What is the units digit of o?
5
Let p be 10 - (-7 + 1 + 3). Let a(l) = 2*l**2 + 9*l - 5. Let n be